{"id":16244,"date":"2024-07-18T12:50:23","date_gmt":"2024-07-18T12:50:23","guid":{"rendered":"https:\/\/germanacumarina.ro\/?page_id=16244"},"modified":"2025-07-18T17:31:39","modified_gmt":"2025-07-18T17:31:39","slug":"literatura","status":"publish","type":"page","link":"https:\/\/germanacumarina.ro\/?page_id=16244","title":{"rendered":"Colec\u021bia literatur\u0103"},"content":{"rendered":"\t\t<div data-elementor-type=\"wp-page\" data-elementor-id=\"16244\" class=\"elementor elementor-16244\" data-elementor-post-type=\"page\">\n\t\t\t\t<div data-particle_enable=\"false\" data-particle-mobile-disabled=\"false\" class=\"elementor-element elementor-element-f964f78 e-flex e-con-boxed e-con e-parent\" data-id=\"f964f78\" data-element_type=\"container\" data-e-type=\"container\">\n\t\t\t\t\t<div class=\"e-con-inner\">\n\t\t\t\t<div class=\"elementor-element elementor-element-66ae330 animated-slow elementor-invisible elementor-widget elementor-widget-image\" data-id=\"66ae330\" data-element_type=\"widget\" data-e-type=\"widget\" data-settings=\"{&quot;_animation&quot;:&quot;fadeInLeft&quot;,&quot;_animation_delay&quot;:0}\" data-widget_type=\"image.default\">\n\t\t\t\t<div class=\"elementor-widget-container\">\n\t\t\t\t\t\t\t\t\t\t\t\t\t\t\t<img decoding=\"async\" src=\"https:\/\/germanacumarina.ro\/wp-content\/uploads\/2025\/06\/lkcghkmghmk.jpg\" title=\"\" alt=\"curs germana B2\" loading=\"lazy\" \/>\t\t\t\t\t\t\t\t\t\t\t\t\t\t\t<\/div>\n\t\t\t\t<\/div>\n\t\t\t\t\t<\/div>\n\t\t\t\t<\/div>\n\t\t<div data-particle_enable=\"false\" data-particle-mobile-disabled=\"false\" class=\"elementor-element elementor-element-5e8a9a3 e-flex e-con-boxed e-con e-parent\" data-id=\"5e8a9a3\" data-element_type=\"container\" data-e-type=\"container\">\n\t\t\t\t\t<div class=\"e-con-inner\">\n\t\t\t\t<div class=\"elementor-element elementor-element-85961c4 animated-slow elementor-invisible elementor-widget elementor-widget-image\" data-id=\"85961c4\" data-element_type=\"widget\" data-e-type=\"widget\" data-settings=\"{&quot;_animation&quot;:&quot;fadeInLeft&quot;,&quot;_animation_delay&quot;:0}\" data-widget_type=\"image.default\">\n\t\t\t\t<div class=\"elementor-widget-container\">\n\t\t\t\t\t\t\t\t\t\t\t\t\t\t\t<img decoding=\"async\" src=\"https:\/\/germanacumarina.ro\/wp-content\/uploads\/2025\/06\/l.zkmjfghmndhtmgh.jpg\" title=\"\" alt=\"cursuri online germana\" loading=\"lazy\" \/>\t\t\t\t\t\t\t\t\t\t\t\t\t\t\t<\/div>\n\t\t\t\t<\/div>\n\t\t\t\t\t<\/div>\n\t\t\t\t<\/div>\n\t\t<div data-particle_enable=\"false\" data-particle-mobile-disabled=\"false\" class=\"elementor-element elementor-element-7ddbabf e-flex e-con-boxed e-con e-parent\" data-id=\"7ddbabf\" data-element_type=\"container\" data-e-type=\"container\">\n\t\t\t\t\t<div class=\"e-con-inner\">\n\t\t\t\t<div class=\"elementor-element elementor-element-7c16dac animated-slow elementor-invisible elementor-widget elementor-widget-image\" data-id=\"7c16dac\" data-element_type=\"widget\" data-e-type=\"widget\" data-settings=\"{&quot;_animation&quot;:&quot;fadeInLeft&quot;,&quot;_animation_delay&quot;:0}\" data-widget_type=\"image.default\">\n\t\t\t\t<div class=\"elementor-widget-container\">\n\t\t\t\t\t\t\t\t\t\t\t\t\t\t\t<img decoding=\"async\" src=\"https:\/\/germanacumarina.ro\/wp-content\/uploads\/2025\/07\/Limbajul-medical-in-limba-germana-modul-2-din-4-august-2025.jpg\" title=\"\" alt=\"Limbajul medical \u00een limba german\u0103, modul 2, din 4 august 2025\" loading=\"lazy\" \/>\t\t\t\t\t\t\t\t\t\t\t\t\t\t\t<\/div>\n\t\t\t\t<\/div>\n\t\t\t\t\t<\/div>\n\t\t\t\t<\/div>\n\t\t<div data-particle_enable=\"false\" data-particle-mobile-disabled=\"false\" class=\"elementor-element elementor-element-9cd6bc3 e-flex e-con-boxed e-con e-parent\" data-id=\"9cd6bc3\" data-element_type=\"container\" data-e-type=\"container\">\n\t\t\t\t\t<div class=\"e-con-inner\">\n\t\t\t\t<div class=\"elementor-element elementor-element-36294b3 animated-slow elementor-invisible elementor-widget elementor-widget-image\" data-id=\"36294b3\" data-element_type=\"widget\" data-e-type=\"widget\" data-settings=\"{&quot;_animation&quot;:&quot;fadeInLeft&quot;,&quot;_animation_delay&quot;:0}\" data-widget_type=\"image.default\">\n\t\t\t\t<div class=\"elementor-widget-container\">\n\t\t\t\t\t\t\t\t\t\t\t\t\t\t\t<img decoding=\"async\" src=\"https:\/\/germanacumarina.ro\/wp-content\/uploads\/2025\/07\/ilukyjthgf.jpg\" title=\"\" alt=\"germana online\" loading=\"lazy\" \/>\t\t\t\t\t\t\t\t\t\t\t\t\t\t\t<\/div>\n\t\t\t\t<\/div>\n\t\t\t\t\t<\/div>\n\t\t\t\t<\/div>\n\t\t<div data-particle_enable=\"false\" data-particle-mobile-disabled=\"false\" class=\"elementor-element elementor-element-b94fc46 e-flex e-con-boxed e-con e-parent\" data-id=\"b94fc46\" data-element_type=\"container\" data-e-type=\"container\">\n\t\t\t\t\t<div class=\"e-con-inner\">\n\t\t\t\t<div class=\"elementor-element elementor-element-afc8581 animated-slow elementor-invisible elementor-widget elementor-widget-image\" data-id=\"afc8581\" data-element_type=\"widget\" data-e-type=\"widget\" data-settings=\"{&quot;_animation&quot;:&quot;fadeInLeft&quot;,&quot;_animation_delay&quot;:0}\" data-widget_type=\"image.default\">\n\t\t\t\t<div class=\"elementor-widget-container\">\n\t\t\t\t\t\t\t\t\t\t\t\t\t\t\t<img fetchpriority=\"high\" decoding=\"async\" width=\"1080\" height=\"78\" src=\"https:\/\/germanacumarina.ro\/wp-content\/uploads\/2025\/07\/limbajul-medical-in-germana.jpg\" class=\"attachment-2048x2048 size-2048x2048 wp-image-21104\" alt=\"limbajul medical in germana\" srcset=\"https:\/\/germanacumarina.ro\/wp-content\/uploads\/2025\/07\/limbajul-medical-in-germana.jpg 1080w, https:\/\/germanacumarina.ro\/wp-content\/uploads\/2025\/07\/limbajul-medical-in-germana-300x22.jpg 300w, https:\/\/germanacumarina.ro\/wp-content\/uploads\/2025\/07\/limbajul-medical-in-germana-1024x74.jpg 1024w, https:\/\/germanacumarina.ro\/wp-content\/uploads\/2025\/07\/limbajul-medical-in-germana-768x55.jpg 768w, https:\/\/germanacumarina.ro\/wp-content\/uploads\/2025\/07\/limbajul-medical-in-germana-500x36.jpg 500w, https:\/\/germanacumarina.ro\/wp-content\/uploads\/2025\/07\/limbajul-medical-in-germana-800x58.jpg 800w\" sizes=\"(max-width: 1080px) 100vw, 1080px\" \/>\t\t\t\t\t\t\t\t\t\t\t\t\t\t\t<\/div>\n\t\t\t\t<\/div>\n\t\t\t\t\t<\/div>\n\t\t\t\t<\/div>\n\t\t<div data-particle_enable=\"false\" data-particle-mobile-disabled=\"false\" class=\"elementor-element elementor-element-2c03345 e-flex e-con-boxed e-con e-parent\" data-id=\"2c03345\" data-element_type=\"container\" data-e-type=\"container\">\n\t\t\t\t\t<div class=\"e-con-inner\">\n\t\t\t\t<div class=\"elementor-element elementor-element-b8cafc0 elementor-cta--skin-classic elementor-animated-content elementor-bg-transform elementor-bg-transform-zoom-in elementor-widget elementor-widget-call-to-action\" data-id=\"b8cafc0\" data-element_type=\"widget\" data-e-type=\"widget\" data-widget_type=\"call-to-action.default\">\n\t\t\t\t<div class=\"elementor-widget-container\">\n\t\t\t\t\t\t\t<div class=\"elementor-cta\">\n\t\t\t\t\t<div class=\"elementor-cta__bg-wrapper\">\n\t\t\t\t<div class=\"elementor-cta__bg elementor-bg\" style=\"background-image: url(https:\/\/germanacumarina.ro\/wp-content\/uploads\/2024\/07\/a-book-2403670_1280-1024x682.jpg);\" role=\"img\" aria-label=\"Novalis - Via\u021ba \u0219i opera unui genial poet romantic german\"><\/div>\n\t\t\t\t<div class=\"elementor-cta__bg-overlay\"><\/div>\n\t\t\t<\/div>\n\t\t\t\t\t\t\t<div class=\"elementor-cta__content\">\n\t\t\t\t\n\t\t\t\t\t\t\t\t\t<h2 class=\"elementor-cta__title elementor-cta__content-item elementor-content-item\">\n\t\t\t\t\t\tNovalis - Via\u021ba \u0219i opera unui genial poet romantic german\t\t\t\t\t<\/h2>\n\t\t\t\t\n\t\t\t\t\t\t\t\t\t<div class=\"elementor-cta__description elementor-cta__content-item elementor-content-item\">\n\t\t\t\t\t\tFriedrich von Hardenberg, cunoscut sub pseudonimul Novalis, s-a n\u0103scut pe 2 mai 1772 \u00eentr-o familie de nobili \u0219i \u0219i-a petrecut copil\u0103ria pe o mo\u0219ie \u00een Mun\u021bii Harz, Saxonia. A tr\u0103it doar 28 de ani, murind pe 25 martie 1801 din cauza tuberculozei, dar \u00een scurta sa via\u021b\u0103 a l\u0103sat o amprent\u0103 durabil\u0103 \u00een literatura german\u0103, fiind unul dintre cei mai mari poe\u021bi \u0219i prozatori ai epocii \u0219i cel mai de seam\u0103 reprezentant al Cercului Romanticilor de la Jena.\t\t\t\t\t<\/div>\n\t\t\t\t\n\t\t\t\t\t\t\t\t\t<div class=\"elementor-cta__button-wrapper elementor-cta__content-item elementor-content-item \">\n\t\t\t\t\t<a class=\"elementor-cta__button elementor-button elementor-size-\" href=\"https:\/\/germanacumarina.ro\/novalis-viata-si-opera-unui-genial-poet-romantic-german\/\">\n\t\t\t\t\t\tCite\u0219te mai mult\t\t\t\t\t<\/a>\n\t\t\t\t\t<\/div>\n\t\t\t\t\t\t\t<\/div>\n\t\t\t\t\t\t<\/div>\n\t\t\t\t\t\t<\/div>\n\t\t\t\t<\/div>\n\t\t\t\t\t<\/div>\n\t\t\t\t<\/div>\n\t\t\t\t<\/div>\n\t\t","protected":false},"excerpt":{"rendered":"<p>Novalis &#8211; Via\u021ba \u0219i opera unui genial poet romantic german Friedrich von Hardenberg, cunoscut sub pseudonimul Novalis, s-a n\u0103scut pe 2 mai 1772 \u00eentr-o familie de nobili \u0219i \u0219i-a petrecut copil\u0103ria pe o mo\u0219ie \u00een Mun\u021bii Harz, Saxonia. A tr\u0103it doar 28 de ani, murind pe 25 martie 1801 din cauza tuberculozei, dar \u00een scurta [&hellip;]<\/p>\n","protected":false},"author":1,"featured_media":16142,"parent":0,"menu_order":0,"comment_status":"closed","ping_status":"closed","template":"","meta":{"zakra_page_container_layout":"customizer","zakra_page_sidebar_layout":"customizer","zakra_remove_content_margin":false,"zakra_sidebar":"customizer","zakra_transparent_header":"customizer","zakra_logo":0,"zakra_main_header_style":"default","zakra_menu_item_color":"","zakra_menu_item_hover_color":"","zakra_menu_item_active_color":"","zakra_menu_active_style":"","zakra_page_header":true,"_eb_attr":"","footnotes":""},"class_list":["post-16244","page","type-page","status-publish","has-post-thumbnail","hentry"],"yoast_head":"<!-- This site is optimized with the Yoast SEO plugin v27.4 - https:\/\/yoast.com\/product\/yoast-seo-wordpress\/ -->\n<title>Germana cu Marina, cursuri limba germana<\/title>\n<meta name=\"description\" content=\"Cursuri Germana cu Marina\" \/>\n<meta name=\"robots\" content=\"index, follow, max-snippet:-1, max-image-preview:large, max-video-preview:-1\" \/>\n<link rel=\"canonical\" href=\"https:\/\/germanacumarina.ro\/?page_id=16244\" \/>\n<meta property=\"og:locale\" content=\"ro_RO\" \/>\n<meta property=\"og:type\" content=\"article\" \/>\n<meta property=\"og:title\" content=\"Germana cu Marina, cursuri limba germana\" \/>\n<meta property=\"og:description\" content=\"Cursuri Germana cu Marina\" \/>\n<meta property=\"og:url\" content=\"https:\/\/germanacumarina.ro\/?page_id=16244\" \/>\n<meta property=\"og:site_name\" content=\"Germana cu Marina\" \/>\n<meta property=\"article:publisher\" content=\"https:\/\/www.facebook.com\/GermanacuMarina\" \/>\n<meta property=\"article:modified_time\" content=\"2025-07-18T17:31:39+00:00\" \/>\n<meta property=\"og:image\" content=\"https:\/\/germanacumarina.ro\/wp-content\/uploads\/2024\/07\/a-book-2403670_1280.jpg\" \/>\n\t<meta property=\"og:image:width\" content=\"1280\" \/>\n\t<meta property=\"og:image:height\" content=\"853\" \/>\n\t<meta property=\"og:image:type\" content=\"image\/jpeg\" \/>\n<meta name=\"twitter:card\" content=\"summary_large_image\" \/>\n<meta name=\"twitter:label1\" content=\"Timp estimat pentru citire\" \/>\n\t<meta name=\"twitter:data1\" content=\"2 minute\" \/>\n<script type=\"application\/ld+json\" class=\"yoast-schema-graph\">{\"@context\":\"https:\\\/\\\/schema.org\",\"@graph\":[{\"@type\":\"WebPage\",\"@id\":\"https:\\\/\\\/germanacumarina.ro\\\/?page_id=16244\",\"url\":\"https:\\\/\\\/germanacumarina.ro\\\/?page_id=16244\",\"name\":\"Germana cu Marina, cursuri limba germana\",\"isPartOf\":{\"@id\":\"https:\\\/\\\/germanacumarina.ro\\\/#website\"},\"primaryImageOfPage\":{\"@id\":\"https:\\\/\\\/germanacumarina.ro\\\/?page_id=16244#primaryimage\"},\"image\":{\"@id\":\"https:\\\/\\\/germanacumarina.ro\\\/?page_id=16244#primaryimage\"},\"thumbnailUrl\":\"https:\\\/\\\/germanacumarina.ro\\\/wp-content\\\/uploads\\\/2024\\\/07\\\/a-book-2403670_1280.jpg\",\"datePublished\":\"2024-07-18T12:50:23+00:00\",\"dateModified\":\"2025-07-18T17:31:39+00:00\",\"description\":\"Cursuri Germana cu Marina\",\"breadcrumb\":{\"@id\":\"https:\\\/\\\/germanacumarina.ro\\\/?page_id=16244#breadcrumb\"},\"inLanguage\":\"ro-RO\",\"potentialAction\":[{\"@type\":\"ReadAction\",\"target\":[\"https:\\\/\\\/germanacumarina.ro\\\/?page_id=16244\"]}]},{\"@type\":\"ImageObject\",\"inLanguage\":\"ro-RO\",\"@id\":\"https:\\\/\\\/germanacumarina.ro\\\/?page_id=16244#primaryimage\",\"url\":\"https:\\\/\\\/germanacumarina.ro\\\/wp-content\\\/uploads\\\/2024\\\/07\\\/a-book-2403670_1280.jpg\",\"contentUrl\":\"https:\\\/\\\/germanacumarina.ro\\\/wp-content\\\/uploads\\\/2024\\\/07\\\/a-book-2403670_1280.jpg\",\"width\":1280,\"height\":853,\"caption\":\"Novalis - Via\u021ba \u0219i opera unui genial poet romantic german\"},{\"@type\":\"BreadcrumbList\",\"@id\":\"https:\\\/\\\/germanacumarina.ro\\\/?page_id=16244#breadcrumb\",\"itemListElement\":[{\"@type\":\"ListItem\",\"position\":1,\"name\":\"Prima pagin\u0103\",\"item\":\"https:\\\/\\\/germanacumarina.ro\\\/\"},{\"@type\":\"ListItem\",\"position\":2,\"name\":\"Colec\u021bia literatur\u0103\"}]},{\"@type\":\"WebSite\",\"@id\":\"https:\\\/\\\/germanacumarina.ro\\\/#website\",\"url\":\"https:\\\/\\\/germanacumarina.ro\\\/\",\"name\":\"Germana cu Marina\",\"description\":\"Cursuri  limba Germana\",\"publisher\":{\"@id\":\"https:\\\/\\\/germanacumarina.ro\\\/#organization\"},\"potentialAction\":[{\"@type\":\"SearchAction\",\"target\":{\"@type\":\"EntryPoint\",\"urlTemplate\":\"https:\\\/\\\/germanacumarina.ro\\\/?s={search_term_string}\"},\"query-input\":{\"@type\":\"PropertyValueSpecification\",\"valueRequired\":true,\"valueName\":\"search_term_string\"}}],\"inLanguage\":\"ro-RO\"},{\"@type\":\"Organization\",\"@id\":\"https:\\\/\\\/germanacumarina.ro\\\/#organization\",\"name\":\"Germana cu Marina\",\"url\":\"https:\\\/\\\/germanacumarina.ro\\\/\",\"logo\":{\"@type\":\"ImageObject\",\"inLanguage\":\"ro-RO\",\"@id\":\"https:\\\/\\\/germanacumarina.ro\\\/#\\\/schema\\\/logo\\\/image\\\/\",\"url\":\"https:\\\/\\\/germanacumarina.ro\\\/wp-content\\\/uploads\\\/2020\\\/06\\\/t6vlibvyuk-e1674929481849.jpg\",\"contentUrl\":\"https:\\\/\\\/germanacumarina.ro\\\/wp-content\\\/uploads\\\/2020\\\/06\\\/t6vlibvyuk-e1674929481849.jpg\",\"width\":175,\"height\":151,\"caption\":\"Germana cu Marina\"},\"image\":{\"@id\":\"https:\\\/\\\/germanacumarina.ro\\\/#\\\/schema\\\/logo\\\/image\\\/\"},\"sameAs\":[\"https:\\\/\\\/www.facebook.com\\\/GermanacuMarina\"]}]}<\/script>\n<!-- \/ Yoast SEO plugin. -->","yoast_head_json":{"title":"Germana cu Marina, cursuri limba germana","description":"Cursuri Germana cu Marina","robots":{"index":"index","follow":"follow","max-snippet":"max-snippet:-1","max-image-preview":"max-image-preview:large","max-video-preview":"max-video-preview:-1"},"canonical":"https:\/\/germanacumarina.ro\/?page_id=16244","og_locale":"ro_RO","og_type":"article","og_title":"Germana cu Marina, cursuri limba germana","og_description":"Cursuri Germana cu Marina","og_url":"https:\/\/germanacumarina.ro\/?page_id=16244","og_site_name":"Germana cu Marina","article_publisher":"https:\/\/www.facebook.com\/GermanacuMarina","article_modified_time":"2025-07-18T17:31:39+00:00","og_image":[{"width":1280,"height":853,"url":"https:\/\/germanacumarina.ro\/wp-content\/uploads\/2024\/07\/a-book-2403670_1280.jpg","type":"image\/jpeg"}],"twitter_card":"summary_large_image","twitter_misc":{"Timp estimat pentru citire":"2 minute"},"schema":{"@context":"https:\/\/schema.org","@graph":[{"@type":"WebPage","@id":"https:\/\/germanacumarina.ro\/?page_id=16244","url":"https:\/\/germanacumarina.ro\/?page_id=16244","name":"Germana cu Marina, cursuri limba germana","isPartOf":{"@id":"https:\/\/germanacumarina.ro\/#website"},"primaryImageOfPage":{"@id":"https:\/\/germanacumarina.ro\/?page_id=16244#primaryimage"},"image":{"@id":"https:\/\/germanacumarina.ro\/?page_id=16244#primaryimage"},"thumbnailUrl":"https:\/\/germanacumarina.ro\/wp-content\/uploads\/2024\/07\/a-book-2403670_1280.jpg","datePublished":"2024-07-18T12:50:23+00:00","dateModified":"2025-07-18T17:31:39+00:00","description":"Cursuri Germana cu Marina","breadcrumb":{"@id":"https:\/\/germanacumarina.ro\/?page_id=16244#breadcrumb"},"inLanguage":"ro-RO","potentialAction":[{"@type":"ReadAction","target":["https:\/\/germanacumarina.ro\/?page_id=16244"]}]},{"@type":"ImageObject","inLanguage":"ro-RO","@id":"https:\/\/germanacumarina.ro\/?page_id=16244#primaryimage","url":"https:\/\/germanacumarina.ro\/wp-content\/uploads\/2024\/07\/a-book-2403670_1280.jpg","contentUrl":"https:\/\/germanacumarina.ro\/wp-content\/uploads\/2024\/07\/a-book-2403670_1280.jpg","width":1280,"height":853,"caption":"Novalis - Via\u021ba \u0219i opera unui genial poet romantic german"},{"@type":"BreadcrumbList","@id":"https:\/\/germanacumarina.ro\/?page_id=16244#breadcrumb","itemListElement":[{"@type":"ListItem","position":1,"name":"Prima pagin\u0103","item":"https:\/\/germanacumarina.ro\/"},{"@type":"ListItem","position":2,"name":"Colec\u021bia literatur\u0103"}]},{"@type":"WebSite","@id":"https:\/\/germanacumarina.ro\/#website","url":"https:\/\/germanacumarina.ro\/","name":"Germana cu Marina","description":"Cursuri  limba Germana","publisher":{"@id":"https:\/\/germanacumarina.ro\/#organization"},"potentialAction":[{"@type":"SearchAction","target":{"@type":"EntryPoint","urlTemplate":"https:\/\/germanacumarina.ro\/?s={search_term_string}"},"query-input":{"@type":"PropertyValueSpecification","valueRequired":true,"valueName":"search_term_string"}}],"inLanguage":"ro-RO"},{"@type":"Organization","@id":"https:\/\/germanacumarina.ro\/#organization","name":"Germana cu Marina","url":"https:\/\/germanacumarina.ro\/","logo":{"@type":"ImageObject","inLanguage":"ro-RO","@id":"https:\/\/germanacumarina.ro\/#\/schema\/logo\/image\/","url":"https:\/\/germanacumarina.ro\/wp-content\/uploads\/2020\/06\/t6vlibvyuk-e1674929481849.jpg","contentUrl":"https:\/\/germanacumarina.ro\/wp-content\/uploads\/2020\/06\/t6vlibvyuk-e1674929481849.jpg","width":175,"height":151,"caption":"Germana cu Marina"},"image":{"@id":"https:\/\/germanacumarina.ro\/#\/schema\/logo\/image\/"},"sameAs":["https:\/\/www.facebook.com\/GermanacuMarina"]}]}},"_links":{"self":[{"href":"https:\/\/germanacumarina.ro\/index.php?rest_route=\/wp\/v2\/pages\/16244","targetHints":{"allow":["GET"]}}],"collection":[{"href":"https:\/\/germanacumarina.ro\/index.php?rest_route=\/wp\/v2\/pages"}],"about":[{"href":"https:\/\/germanacumarina.ro\/index.php?rest_route=\/wp\/v2\/types\/page"}],"author":[{"embeddable":true,"href":"https:\/\/germanacumarina.ro\/index.php?rest_route=\/wp\/v2\/users\/1"}],"replies":[{"embeddable":true,"href":"https:\/\/germanacumarina.ro\/index.php?rest_route=%2Fwp%2Fv2%2Fcomments&post=16244"}],"version-history":[{"count":77,"href":"https:\/\/germanacumarina.ro\/index.php?rest_route=\/wp\/v2\/pages\/16244\/revisions"}],"predecessor-version":[{"id":21495,"href":"https:\/\/germanacumarina.ro\/index.php?rest_route=\/wp\/v2\/pages\/16244\/revisions\/21495"}],"wp:featuredmedia":[{"embeddable":true,"href":"https:\/\/germanacumarina.ro\/index.php?rest_route=\/wp\/v2\/media\/16142"}],"wp:attachment":[{"href":"https:\/\/germanacumarina.ro\/index.php?rest_route=%2Fwp%2Fv2%2Fmedia&parent=16244"}],"curies":[{"name":"wp","href":"https:\/\/api.w.org\/{rel}","templated":true}]}}